s s(c)?
-6
Let b(l) be the third derivative of -1/6*l**3 + l**2 + 1/4*l**4 + 0*l + 0. Suppose 3*m = 5*z + 2, z + 5 = -m - 3*m. Determine b(m).
-7
Let b be (-2 - -5) + ((-6)/(-3) - 24). Let x = -23 - b. Let c(u) = u**2 + 5*u - 2. Determine c(x).
-6
Let a = -49 - -51. Let x(g) = -7*g**2 - 3 + 3*g**a + 234*g - 238*g. Calculate x(-2).
-11
Let z(u) be the third derivative of -u**6/120 + 11*u**5/60 - 13*u**4/24 - 5*u**3/3 - 2*u**2 + 149. Calculate z(10).
-40
Let v be 1/(((-8)/12)/(0 - -2)). Let a(f) = f - 1 + 0*f - 3*f - f**2. What is a(v)?
-4
Let c be 1 + -1 + 1 + 2. Suppose 3*o = -3*r + 36, -c*o = -4*r - 3 - 5. Let k = 10 - o. Let m(s) = 4*s + 1. Calculate m(k).
9
Let r(x) = x**3 + x**2 - x - 1. Let h(d) = -3*d**3 - 12*d**2 - 5*d + 13. Let j(q) = h(q) + 2*r(q). Calculate j(-9).
-7
Let j(x) = x**2 + 5*x - 5. Let a = 4 - 25. Let y = a - -15. What is j(y)?
1
Let u(x) = -378 + 148 + 122 - 4*x + 130 + 3*x. Calculate u(11).
11
Let n(h) = 1 - 2*h**2 + 0 + 1. Let j be (-42)/(-18)*12/14. Determine n(j).
-6
Let i(z) be the first derivative of z**7/840 - z**6/120 - z**5/60 - z**4/12 - 4*z**3 - 15. Let k(u) be the third derivative of i(u). What is k(4)?
6
Let o(a) = -5 - 4*a**2 - 2 - a**3 + a + 2*a. Suppose -4*w + 3*w - 2*q = -1, -3*q + 24 = 4*w. Suppose -14*i + w*i = 25. Give o(i).
3
Let j(h) = 15*h**3 + 27*h**2 - 4*h. Let l = 12 - 6. Let b(w) = 7*w**3 + 13*w**2 - 2*w. Let r(a) = l*j(a) - 13*b(a). Determine r(-7).
-14
Let b(n) be the second derivative of -n**6/120 + n**4/24 + 5*n**3/2 - 30*n. Let v(t) be the second derivative of b(t). Suppose 0 = g + 2. Calculate v(g).
-11
Let j(q) be the first derivative of -q**4/4 + 17*q**3/3 + 17*q**2/2 + 25*q - 92. What is j(18)?
7
Suppose -f - 8 = -2*q, -q - 3*q + 3*f + 16 = 0. Let t(u) = 0*u - u - 1 - q. Suppose 2*o = 8*o + 36. Give t(o).
1
Let m be 1 + (-3)/(-2 + -1). Let o(h) = -4*h**2 - 2*h**2 + 12*h**2 + 1 + m*h - 5*h**2 + h**3. Give o(-1).
-1
Let w(r) = 39*r**2 - 11*r - 183*r**2 + 12 + 46*r**2 + 50*r**2 + 47*r**2. What is w(-14)?
-30
Let h(l) = 2*l. Suppose 32*w = -100 + 260. Determine h(w).
10
Let s(r) = -11*r + 4*r**2 - 2*r - 4*r - 4*r**2 + 6 - 2*r**2. Calculate s(-9).
-3
Let m(h) = -7*h**3 - 14*h**2 + 7. Let f(x) = x**3 - x + 1. Let y(t) = 2*t**3 + t**2 - 2*t. Let g(k) = -f(k) + y(k). Let j(c) = -6*g(c) - m(c). Give j(-7).
6
Suppose 0*g - 10 = 2*s - g, 4 = g. Let b(w) = -w + 1. Let y be b(s). Let j(k) = -k**2 - 5*k + 2*k**2 + 13 + 5 - 14. Give j(y).
0
Suppose -5 = a - 5*s, 0*s + 2 = -a + 2*s. Let b(y) = y**3 - 12*y**2 - 14*y + 13. Let i be b(13). Let g(l) = l**3 - 1 + l + 0 + i + 0 + l**2. Give g(a).
-1
Let q(l) be the first derivative of 29*l**3/3 - l**2/2 - l + 327. Determine q(-1).
29
Suppose -10*o + 0*o - 10 = 0. Let h(f) = -43*f**2 - 17*f + 3. Let l(u) = 14*u**2 + 6*u - 1. Let t(w) = 6*h(w) + 17*l(w). Calculate t(o).
-19
Let p = -1397 + 1394. Let z(i) = -i**2 - 6*i. What is z(p)?
9
Let g(n) be the first derivative of -n**3/3 + 15*n**2/2 + 18*n - 61. Determine g(16).
2
Let l(n) = -13*n + 4. Let o(f) = -44*f + 14. Let s(r) = -10*l(r) + 3*o(r). Calculate s(-3).
8
Let j(o) be the first derivative of -o**3/3 - 7*o**2/2 - 6*o - 4. Let a be j(-6). Suppose a = 3*b + 5 - 2. Let q(h) = -2*h**3 + 2*h + 1. Determine q(b).
1
Suppose 5 = 7*a + 19. Let b(t) be the first derivative of t**4/4 + 2*t**3/3 - 3*t**2/2 - 3*t + 2. Give b(a).
3
Let n(u) = -u**3 + 4*u**2 + 2*u + 6. Suppose 594*v - 602*v + 40 = 0. Calculate n(v).
-9
Let t(k) = -14 + 13 - 17 + 17 - 7*k. Give t(8).
-57
Let f(t) = 2*t**3 - 3*t**2 + 9*t - 17. Let r(x) = -x**3 + 2*x**2 - 5*x + 9. Let g = 44 - 55. Let y(o) = g*r(o) - 6*f(o). Determine y(-4).
-1
Let k(w) be the first derivative of -1/6*w**3 - 8 - 7/2*w**2 + 1/12*w**4 + 0*w - 1/20*w**5. Let r(p) be the second derivative of k(p). Determine r(1).
-2
Let n(o) = -o**2 - 4*o + 2. Let h be (34/6 + -8 + 3)*-9. What is n(h)?
-10
Let u(j) be the second derivative of j**8/6720 - j**7/280 - j**6/72 - j**5/24 - 3*j**4/2 + 14*j. Let k(g) be the third derivative of u(g). Give k(10).
-5
Let a(k) be the third derivative of k**4/12 + 13*k**3/6 + 108*k**2. Calculate a(-9).
-5
Let v(x) = -268 - 256 + 547 - 3*x + 5*x. Determine v(-8).
7
Let r(g) = g**2 - 12*g - 6. Suppose -4*t + 5 = a, 2*t - 2 - 59 = -5*a. Let q be r(a). Let d(x) = -3 - q*x + 3. Calculate d(1).
-7
Let l be 72/(-42)*112/32. Let j(w) = w**3 + 8*w**2 + 6*w + 7. Give j(l).
43
Let k(f) be the first derivative of f**4/4 + 4*f**3/3 - 5*f**2/2 - 2. Suppose -87*r - 60 = -75*r. Give k(r).
0
Let z be (-380)/(-180) + (-1)/9. Let l(y) = 5*y**2 - 2*y + 1. Calculate l(z).
17
Let b be 16 + -2*(0 + 1). Let m = -12 + b. Let p(h) = h - 2*h**2 - h + h + 1 - m*h + h**3. What is p(-2)?
-13
Let p(c) = c**2 - 19 + 2*c + 12 - 2*c. Let j be 2/4 - (-21)/6. Let b be 1 + 2*j/(-8). Give p(b).
-7
Let o(u) = 9*u**2 + 0 - 6*u**2 - 4*u + 2 + 6*u**3 + 0*u**3 - u**3. Give o(1).
6
Let s(w) = -105*w - w**2 + 0*w**2 + 95*w - 7. What is s(-6)?
17
Let b(y) = y - 3. Let s(i) = -i + 4. Let j(m) = 4*b(m) + 5*s(m). Let u = 78 + -110. Let a = u - -38. What is j(a)?
2
Let n(a) = 13*a**2 - 8*a + 5. Let h(w) = -29*w**2 + 15*w - 9. Let x(l) = 4*h(l) + 9*n(l). Calculate x(10).
-11
Let g(d) be the third derivative of -d**4/24 + 11*d**3/3 - 2*d**2 + 189*d. Give g(18).
4
Let m(q) = 2*q - 1. Let o(a) = -14*a + 10. Let g(s) = -15*s + 11. Let h(w) = -4*g(w) + 5*o(w). Let k(v) = 2*h(v) + 11*m(v). Suppose y = 3 - 2. Give k(y).
3
Let j(d) = -3*d + 1. Let t = -26 - -34. Suppose -5*u = -k + 6, -3*k = t + 4. Determine j(u).
7
Let k be 27/18 + 6/(-4). Let q(s) be the second derivative of k + 1/2*s**3 + 1/12*s**4 + s - 2*s**2. Determine q(-4).
0
Suppose 0*h + 2*h = 24. Let o = h + -13. Let z(m) = -6*m - 1. Calculate z(o).
5
Let o(u) = -47*u - 1 + 49*u + u**2 - 2*u**2. Suppose 4*l - 9 = h, -2*h + 8 = 4*l - 10. Suppose -5*s = 2*w - 15, -3*s - 5*w + h*w + 13 = 0. What is o(s)?
0
Let d(v) = -5*v + 14*v - 28*v - 4 + 2. Calculate d(-2).
36
Let k = -70 - -73. Let v(c) be the third derivative of -c**5/30 + c**4/24 - c**3/2 - 5*c**2. Determine v(k).
-18
Let x(o) be the second derivative of -o**4/12 - o**3/2 + o**2/2 + 23*o. Calculate x(2).
-9
Let k(b) = 13 - b - 29 + b**2 + 15. Let a(x) = -3*x - 7. Let p(h) = a(h) - 5*k(h). Determine p(2).
-18
Let i(a) be the third derivative of -a**6/120 - a**5/15 + 7*a**4/24 - a**3/2 - 127*a**2. Calculate i(-5).
-13
Let q(j) = -20*j + 10. Let h(i) = 11*i - 5. Let x(c) = 11*h(c) + 6*q(c). What is x(-8)?
-3
Let u(g) be the third derivative of g**6/120 - g**5/10 + 5*g**4/24 + g**3/3 + g**2. Suppose -2*o + 3 = s + 31, -21 = o + 4*s. Let v = o - -18. What is u(v)?
2
Let m(p) = 3*p**2 - 5*p + 2. Let i(s) be the third derivative of 1/6*s**4 + 0 - 5*s**2 + 0*s - 13/6*s**3. Let v be i(4). What is m(v)?
14
Let v(s) = s**2 + 21*s + 41. Let b be v(-2). Let n(l) = 5*l + 3. Determine n(b).
18
Let f = 12 - 4. Let x be (-4)/(f/(-22)) + 3. Suppose 0 = -5*d + s - 6, -3*d + 0 + x = -5*s. Let o(k) = k**2 - 2*k + 1. Calculate o(d).
9
Let p(a) be the third derivative of a**5/60 + 3*a**4/8 - a**3/6 + a**2 - 4. Determine p(-4).
-21
Let p(i) = -4*i**2 + 3*i - 2. Let q(d) = -7*d**2 + 7*d - 5. Let r(h) = 7*p(h) - 3*q(h). Let z(x) = 16*x + 289. Let s be z(-18). Calculate r(s).
-6
Let y = -1164 - -1161. Let z(a) = -4*a**2 + 2*a + 0 + 2 + 2*a**2 - a**3. Give z(y).
5
Let u(q) = q**3 + 10*q**2 + 10*q + 12. Suppose 4*k + 18 = -18. Let x be u(k). Let z(d) = d**x + 3 + 0*d + 5*d - 2*d. Give z(-2).
-11
Let o(y) = -20*y + 3. Suppose 38 = -19*s + 19. Determine o(s).
23
Let v = -201 + 473. Let s be 2/(-11) + v/44. Let h(b) = -2*b - 11*b + s*b. What is h(1)?
-7
Let h(k) = -182*k**2 + 1 - 181*k**2 + 361*k**2. Calculate h(1).
-1
Let t(i) be the third derivative of i**4/24 + 4*i**3/3 - 344*i**2. Determine t(-8).
0
Suppose 5 = 5*y, 3*o - 2*o - 4*y = -11. Let m(u) = u**2 + 5*u - 27. Determine m(o).
-13
Let k(v) be the first derivative of v**4/4 - 5*v**3/3 - v**2/2 - 4*v - 15. Calculate k(5).
-9
Let h(a) be the first derivative of -a**3/3 - 11*a**2/2 - 4*a - 334. What is h(-5)?
26
Suppose -13 = -5*g + 7. Let b(h) = g*h - 3 + 2*h - 3*h + 3*h. Determine b(2).
9
Let t(o) = -11*o**3 + 2*o**2 - o. Let k(v) = -4*v - 9. Let c(l) = 8*l + 17. Let r(z) = 6*c(z) + 13*k(z). Let g be r(-4). Give t(g).
-10
Let x(q) = -q - 6. Let c be (-2)/8 - (-497)/